{"id":4779,"date":"2024-01-09T10:39:16","date_gmt":"2024-01-09T10:39:16","guid":{"rendered":"https:\/\/agcolmeias.com\/?page_id=4779"},"modified":"2026-03-03T15:23:01","modified_gmt":"2026-03-03T15:23:01","slug":"bibliotecas-2","status":"publish","type":"page","link":"https:\/\/agcolmeias.com\/?page_id=4779","title":{"rendered":"Bibliotecas"},"content":{"rendered":"<h1>\n<h5 style=\"text-align: center;\"><strong><a href=\"https:\/\/agcolmeias.com\/?page_id=2417\">Documentos Gerais<\/a>\u00a0 \u00a0 <a href=\"https:\/\/agcolmeias.com\/?page_id=2883\">Equipa<\/a>\u00a0 \u00a0 <a href=\"https:\/\/agcolmeias.com\/?page_id=2419\">Cat\u00e1logo online<\/a>\u00a0 \u00a0 <a href=\"https:\/\/agcolmeias.com\/?page_id=2845\">Atividades<\/a>\u00a0 \u00a0 <a href=\"https:\/\/agcolmeias.com\/?page_id=2421\">Principais projetos<\/a>\u00a0 \u00a0 <a href=\"https:\/\/agcolmeias.com\/?page_id=2684\">Boletins<\/a>\u00a0 \u00a0 <a href=\"https:\/\/agcolmeias.com\/?page_id=2849\">Semana da Leitura<\/a> \u00a0 \u00a0<a href=\"https:\/\/agcolmeias.com\/?page_id=6883\">Literacias<\/a>\u00a0 <\/strong>\u00a0 <a href=\"https:\/\/agcolmeias.com\/?page_id=7248\">Encontros BE \u2013 Leiria<\/a><\/h5>\n<\/h1>\n<p><img decoding=\"async\" src=\"\/wp-content\/uploads\/bib2.jpg\" alt=\"\"><\/p>\n<h1>\n<h3 style=\"text-align: center;\"><img loading=\"lazy\" decoding=\"async\" src=\"https:\/\/agcolmeias.com\/wp-content\/uploads\/logotipo_bibliotecas_verde_principal_png-1.png\" alt=\"\" width=\"146\" height=\"45\" class=\"aligncenter size-full wp-image-6786\" \/> &#8220;Quando se entra numa biblioteca, nunca se sai igual. L\u00e1 dentro est\u00e1 o mundo todo.\u00a0<br \/>Quando se v\u00ea o mundo todo, fica-se sempre diferente. &#8221; (RBE)<\/h3>\n<pre><\/pre>\n<h2 style=\"text-align: center;\"><strong>As nossas bibliotecas<\/p>\n<p><\/strong><\/h2>\n<\/h1>\n<ul>\n<li>\n<p>        <img decoding=\"async\" src=\"\/wp-content\/uploads\/bib3.jpg\" alt=\"\"><\/p>\n<h3>Biblioteca da escola-sede <\/h3>\n<div>\n<h4>Hor\u00e1rio de funcionamento:<\/h4>\n<h4><strong>8:30h \u2013 17:15<\/strong><\/h4>\n<p>Queres conhecer o espa\u00e7o mais fant\u00e1stico da EBI Colmeias? Basta dirigires-te \u00e0 biblioteca, onde a informa\u00e7\u00e3o se transforma em conhecimento e podes mergulhar num sem n\u00famero de livros, DVD e jogos de tabuleiro. Aqui trabalha uma equipa multifacetada e empenhada em tornar este espa\u00e7o acolhedor, com novidades regulares e passatempos aliciantes. Organizando o trabalho em torno de tem\u00e1ticas mensais, h\u00e1 sempre um livro novo para descobrires, para j\u00e1 n\u00e3o falar dos momentos especiais, como a Semana da Leitura, a visita de escritores, atividades de anima\u00e7\u00e3o ou a Feira do Livro, em que a biblioteca fervilha de uma agita\u00e7\u00e3o renovada. Dispon\u00edveis est\u00e3o tamb\u00e9m iPads, jornais e revistas, que podes ler num dos sof\u00e1s bem confort\u00e1veis\u2026 a somar ao Cantinho da Fantasia, um espa\u00e7o bem descontra\u00eddo.\u00a0<\/p>\n<p>Esta biblioteca encontra-se integrada na Rede de Bibliotecas Escolares e foi merecedora da mais alta distin\u00e7\u00e3o da RBE, o pr\u00e9mio \u201cIdeias com M\u00e9rito\u201d, em 2013, com o projeto \u201c\u2018Barras\u2019 no curr\u00edculo\u201d. Em curso desde o primeiro ano de implementa\u00e7\u00e3o ao n\u00edvel nacional, em 2008, est\u00e1 tamb\u00e9m o projeto &#8220;aLer+&#8221;.<\/p>\n<\/div>\n<\/li>\n<li>\n<p>        <img decoding=\"async\" src=\"\/wp-content\/uploads\/bidoeira.jpg\" alt=\"\"><\/p>\n<h3>Biblioteca EB1\/JI Bidoeira<\/h3>\n<div>\n<p>Como n\u00e3o h\u00e1 uma sem duas, tamb\u00e9m o JI\/EB1 da Bidoeira de Cima, renovado em 2017\/2018, tem uma biblioteca. Computadores, livros, jogos de tabuleiro e um espa\u00e7o\u00a0 agrad\u00e1vel \u00e9 o que esta bibliotecatem para oferecer a todas as crian\u00e7as do Pr\u00e9-escolar e 1\u00ba ciclo desta escola. Aqui partilham-se muitas hist\u00f3rias, brinca-se com as palavras e requisitam-se livros para casa, de modo a que a magia da Leitura n\u00e3o se limite aos muros da escola.<\/p>\n<p>Tal como a biblioteca da escola-sede, tamb\u00e9m esta se encontra integrada na Rede de Bibliotecas Escolares. Viu igualmente aprovada a sua candidatura ao projeto nacional \u201cIdeias com M\u00e9rito\u201d, da Rede de Bibliotecas Escolares, em 2016, com o projeto \u201cIngl\u00eas com TICs e (re)toques na Biblioteca do 1\u00ba ciclo\u201d.<\/p>\n<p>Queres saber mais? O melhor \u00e9 vires fazer uma visita!<\/p>\n<\/div>\n<\/li>\n<li>\n<p>        <img decoding=\"async\" src=\"\/wp-content\/uploads\/foto_boaVista1.jpeg\" alt=\"\"><\/p>\n<h3>Biblioteca EB1\/JI Boa Vista<\/h3>\n<div>\n<p>Inaugurada em 2019\/2020, esta biblioteca \u00e9 muito acolhedora. Passou a estar integrada na Rede de Bibliotecas Escolares no ano letivo de 2025\/2026 atrav\u00e9s de uma candidatura a requalifica\u00e7\u00e3o e ao alargamento do conceito de biblioteca, criando espa\u00e7os de leitura noutros locais, nomeadamente no pequeno anfiteatro na zona das escadas e nos corredores de acesso \u00e0 mesma.\u00a0 Aqui ouvem-se hist\u00f3rias, leem-se livros, usam-se os computadores e tudo o mais que a imagina\u00e7\u00e3o nos permita desenvolver.<\/p>\n<\/div>\n<\/li>\n<\/ul>\n<div>\n<\/div>\n<hr>\n<h1>\n<h2 style=\"text-align: center;\"><strong>\u00a0Galeria de imagens<\/strong><\/h2>\n<\/h1>\n<ul>\n<li>\n<p>        <img decoding=\"async\" src=\"\/wp-content\/uploads\/eu_espero.jpg\" alt=\"\"><\/p>\n<h3>Atividade \u201cEu Espero\u201d na BE Bidoeira<\/h3>\n<\/li>\n<li>\n<p>        <img decoding=\"async\" src=\"\/wp-content\/uploads\/clube_leitura_comemoracao_voz-alta.jpg\" alt=\"\"><\/p>\n<h3>Clube de Leitura &#8211; comemora\u00e7\u00e3o do Dia da Leitura em Voz Alta<\/h3>\n<\/li>\n<li>\n<p>        <img decoding=\"async\" src=\"\/wp-content\/uploads\/jorge_crespo.jpg\" alt=\"\"><\/p>\n<h3>Apresenta\u00e7\u00e3o do livro do Sr Jorge Crespo na BE Bidoeira<\/h3>\n<\/li>\n<li>\n<p>        <img decoding=\"async\" src=\"\/wp-content\/uploads\/gatos.jpg\" alt=\"\"><\/p>\n<h3>M\u00eas dos Gatos &#8211; Articula\u00e7\u00e3o com Educa\u00e7\u00e3o Especial<\/h3>\n<\/li>\n<li>\n<p>        <img decoding=\"async\" src=\"\/wp-content\/uploads\/atividade_visao.jpg\" alt=\"\"><\/p>\n<h3>Atividade com a revista \u201cVis\u00e3o\u201d com o 4.ano da EBI Colmeias<\/h3>\n<\/li>\n<\/ul>\n<div>\n<p>    <img decoding=\"async\" src=\"\/wp-content\/uploads\/abelhas.png\" alt=\"\"><\/p>\n<h3>abelhas<\/h3>\n<\/div>\n<hr>\n<h1>\n<h2 style=\"text-align: center;\"><strong>Liga\u00e7\u00f5es \u00fateis<\/strong><\/h2>\n<\/h1>\n<ul>\n<li>\n<div>\n<p><a href=\"https:\/\/www.pnl2027.gov.pt\/np4\/home\" target=\"_blank\" rel=\"noopener\"><img loading=\"lazy\" decoding=\"async\" src=\"https:\/\/agcolmeias.com\/wp-content\/uploads\/3_PNL-300x230.png\" alt=\"\" width=\"121\" height=\"93\" class=\" wp-image-5423 aligncenter\" srcset=\"https:\/\/agcolmeias.com\/wp-content\/uploads\/3_PNL-300x230.png 300w, https:\/\/agcolmeias.com\/wp-content\/uploads\/3_PNL-1024x785.png 1024w, https:\/\/agcolmeias.com\/wp-content\/uploads\/3_PNL-768x589.png 768w, https:\/\/agcolmeias.com\/wp-content\/uploads\/3_PNL-1536x1178.png 1536w, https:\/\/agcolmeias.com\/wp-content\/uploads\/3_PNL.png 1749w\" sizes=\"(max-width: 121px) 100vw, 121px\" \/><\/a><\/p>\n<\/div>\n<\/li>\n<li>\n<div>\n<p><a href=\"https:\/\/www.rbe.mec.pt\/np4\/home.html\" target=\"_blank\" rel=\"noopener\"><img loading=\"lazy\" decoding=\"async\" src=\"https:\/\/agcolmeias.com\/wp-content\/uploads\/logo_rbe.svg\" alt=\"\" class=\" wp-image-5419 aligncenter\" width=\"241\" height=\"57\" \/><\/a><\/p>\n<\/div>\n<\/li>\n<li>\n<div>\n<p><img loading=\"lazy\" decoding=\"async\" src=\"https:\/\/agcolmeias.com\/wp-content\/uploads\/aler-150x150.png\" alt=\"\" width=\"121\" height=\"121\" class=\" wp-image-6714 aligncenter\" \/><\/p>\n<\/div>\n<\/li>\n<li>\n<div>\n<p><a href=\"https:\/\/rbleiria.pt\/\" target=\"_blank\" rel=\"noopener\"><img loading=\"lazy\" decoding=\"async\" src=\"https:\/\/agcolmeias.com\/wp-content\/uploads\/RBLeiria_final.png\" alt=\"\" width=\"163\" height=\"68\" class=\"alignnone  wp-image-5421 aligncenter\" \/><\/a><\/p>\n<\/div>\n<\/li>\n<\/ul>\n<p><!--more--><br \/>\n<!-- {\"type\":\"layout\",\"children\":[{\"type\":\"section\",\"props\":{\"image_position\":\"center-center\",\"style\":\"default\",\"title_breakpoint\":\"xl\",\"title_position\":\"top-left\",\"title_rotation\":\"left\",\"vertical_align\":\"\",\"width\":\"large\"},\"children\":[{\"type\":\"row\",\"children\":[{\"type\":\"column\",\"props\":{\"image_position\":\"center-center\",\"position_sticky_breakpoint\":\"m\"},\"children\":[{\"type\":\"headline\",\"props\":{\"content\":\"\n\n<h5 style=\\\"text-align: center;\\\"><strong><a href=\\\"https:\\\/\\\/agcolmeias.com\\\/?page_id=2417\\\">Documentos Gerais<\\\/a>\\u00a0 \\u00a0 <a href=\\\"https:\\\/\\\/agcolmeias.com\\\/?page_id=2883\\\">Equipa<\\\/a>\\u00a0 \\u00a0 <a href=\\\"https:\\\/\\\/agcolmeias.com\\\/?page_id=2419\\\">Cat\\u00e1logo online<\\\/a>\\u00a0 \\u00a0 <a href=\\\"https:\\\/\\\/agcolmeias.com\\\/?page_id=2845\\\">Atividades<\\\/a>\\u00a0 \\u00a0 <a href=\\\"https:\\\/\\\/agcolmeias.com\\\/?page_id=2421\\\">Principais projetos<\\\/a>\\u00a0 \\u00a0 <a href=\\\"https:\\\/\\\/agcolmeias.com\\\/?page_id=2684\\\">Boletins<\\\/a>\\u00a0 \\u00a0 <a href=\\\"https:\\\/\\\/agcolmeias.com\\\/?page_id=2849\\\">Semana da Leitura<\\\/a> \\u00a0 \\u00a0<a href=\\\"https:\\\/\\\/agcolmeias.com\\\/?page_id=6883\\\">Literacias<\\\/a>\\u00a0 <\\\/strong>\\u00a0 <a href=\\\"https:\\\/\\\/agcolmeias.com\\\/?page_id=7248\\\">Encontros BE \\u2013 Leiria<\\\/a><\\\/h5>\",\"title_element\":\"h1\"}},{\"type\":\"image\",\"props\":{\"image\":\"wp-content\\\/uploads\\\/bib2.jpg\",\"image_height\":400,\"image_svg_color\":\"emphasis\",\"image_width\":2500,\"margin\":\"\"}}]}],\"props\":{\"row_gap\":\"collapse\"}},{\"type\":\"row\",\"children\":[{\"type\":\"column\",\"props\":{\"image_position\":\"center-center\",\"position_sticky_breakpoint\":\"m\"},\"children\":[{\"type\":\"headline\",\"props\":{\"content\":\"\n\n<h3 style=\\\"text-align: center;\\\"><img src=\\\"https:\\\/\\\/agcolmeias.com\\\/wp-content\\\/uploads\\\/logotipo_bibliotecas_verde_principal_png-1.png\\\" alt=\\\"\\\" width=\\\"146\\\" height=\\\"45\\\" class=\\\"aligncenter size-full wp-image-6786\\\" \\\/> \\\"Quando se entra numa biblioteca, nunca se sai igual. L\\u00e1 dentro est\\u00e1 o mundo todo.\\u00a0<br \\\/>Quando se v\\u00ea o mundo todo, fica-se sempre diferente. \\\" (RBE)<\\\/h3>\\n\n\n<pre><\\\/pre>\\n\n\n<h2 style=\\\"text-align: center;\\\"><strong>As nossas bibliotecas<br \\\/><br \\\/><\\\/strong><\\\/h2>\",\"title_element\":\"h1\"}}]}]},{\"type\":\"row\",\"children\":[{\"type\":\"column\",\"props\":{\"image_position\":\"center-center\",\"position_sticky_breakpoint\":\"m\"},\"children\":[{\"type\":\"accordion\",\"props\":{\"collapsible\":true,\"content_column_breakpoint\":\"m\",\"image_align\":\"top\",\"image_grid_breakpoint\":\"m\",\"image_grid_width\":\"1-2\",\"image_height\":300,\"image_svg_color\":\"emphasis\",\"image_width\":\"1920\",\"link_style\":\"default\",\"link_text\":\"Read more\",\"show_image\":true,\"show_link\":true},\"children\":[{\"type\":\"accordion_item\",\"props\":{\"content\":\"\n\n<h4>Hor\\u00e1rio de funcionamento:<\\\/h4>\\n\n\n<h4><strong>8:30h \\u2013 17:15<\\\/strong><\\\/h4>\\n\n\n<p>Queres conhecer o espa\\u00e7o mais fant\\u00e1stico da EBI Colmeias? Basta dirigires-te \\u00e0 biblioteca, onde a informa\\u00e7\\u00e3o se transforma em conhecimento e podes mergulhar num sem n\\u00famero de livros, DVD e jogos de tabuleiro. Aqui trabalha uma equipa multifacetada e empenhada em tornar este espa\\u00e7o acolhedor, com novidades regulares e passatempos aliciantes. Organizando o trabalho em torno de tem\\u00e1ticas mensais, h\\u00e1 sempre um livro novo para descobrires, para j\\u00e1 n\\u00e3o falar dos momentos especiais, como a Semana da Leitura, a visita de escritores, atividades de anima\\u00e7\\u00e3o ou a Feira do Livro, em que a biblioteca fervilha de uma agita\\u00e7\\u00e3o renovada. Dispon\\u00edveis est\\u00e3o tamb\\u00e9m iPads, jornais e revistas, que podes ler num dos sof\\u00e1s bem confort\\u00e1veis\\u2026 a somar ao Cantinho da Fantasia, um espa\\u00e7o bem descontra\\u00eddo.\\u00a0<br \\\/><br \\\/>Esta biblioteca encontra-se integrada na Rede de Bibliotecas Escolares e foi merecedora da mais alta distin\\u00e7\\u00e3o da RBE, o pr\\u00e9mio \\u201cIdeias com M\\u00e9rito\\u201d, em 2013, com o projeto \\u201c\\u2018Barras\\u2019 no curr\\u00edculo\\u201d. Em curso desde o primeiro ano de implementa\\u00e7\\u00e3o ao n\\u00edvel nacional, em 2008, est\\u00e1 tamb\\u00e9m o projeto \\\"aLer+\\\".<\\\/p>\",\"image\":\"wp-content\\\/uploads\\\/bib3.jpg\",\"title\":\"Biblioteca da escola-sede \"}},{\"type\":\"accordion_item\",\"props\":{\"content\":\"\n\n<p>Como n\\u00e3o h\\u00e1 uma sem duas, tamb\\u00e9m o JI\\\/EB1 da Bidoeira de Cima, renovado em 2017\\\/2018, tem uma biblioteca. Computadores, livros, jogos de tabuleiro e um espa\\u00e7o\\u00a0 agrad\\u00e1vel \\u00e9 o que esta bibliotecatem para oferecer a todas as crian\\u00e7as do Pr\\u00e9-escolar e 1\\u00ba ciclo desta escola. Aqui partilham-se muitas hist\\u00f3rias, brinca-se com as palavras e requisitam-se livros para casa, de modo a que a magia da Leitura n\\u00e3o se limite aos muros da escola.<\\\/p>\\n\n\n<p>Tal como a biblioteca da escola-sede, tamb\\u00e9m esta se encontra integrada na Rede de Bibliotecas Escolares. Viu igualmente aprovada a sua candidatura ao projeto nacional \\u201cIdeias com M\\u00e9rito\\u201d, da Rede de Bibliotecas Escolares, em 2016, com o projeto \\u201cIngl\\u00eas com TICs e (re)toques na Biblioteca do 1\\u00ba ciclo\\u201d.<\\\/p>\\n\n\n<p>Queres saber mais? O melhor \\u00e9 vires fazer uma visita!<\\\/p>\",\"image\":\"wp-content\\\/uploads\\\/bidoeira.jpg\",\"title\":\"Biblioteca EB1\\\/JI Bidoeira\"}},{\"type\":\"accordion_item\",\"props\":{\"content\":\"\n\n<p>Inaugurada em 2019\\\/2020, esta biblioteca \\u00e9 muito acolhedora. Passou a estar integrada na Rede de Bibliotecas Escolares no ano letivo de 2025\\\/2026 atrav\\u00e9s de uma candidatura a requalifica\\u00e7\\u00e3o e ao alargamento do conceito de biblioteca, criando espa\\u00e7os de leitura noutros locais, nomeadamente no pequeno anfiteatro na zona das escadas e nos corredores de acesso \\u00e0 mesma.\\u00a0 Aqui ouvem-se hist\\u00f3rias, leem-se livros, usam-se os computadores e tudo o mais que a imagina\\u00e7\\u00e3o nos permita desenvolver.<\\\/p>\",\"image\":\"wp-content\\\/uploads\\\/foto_boaVista1.jpeg\",\"title\":\"Biblioteca EB1\\\/JI Boa Vista\"}}]}]}]}],\"name\":\"As nossas bibliotecas\"},{\"type\":\"section\",\"props\":{\"image_position\":\"center-center\",\"padding\":\"xsmall\",\"padding_remove_top\":false,\"style\":\"default\",\"title_breakpoint\":\"xl\",\"title_position\":\"top-left\",\"title_rotation\":\"left\",\"vertical_align\":\"\",\"width\":\"large\"},\"children\":[{\"type\":\"row\",\"props\":{\"layout\":\"4-5,1-5\",\"margin\":\"small\",\"row_gap\":\"small\"},\"children\":[{\"type\":\"column\",\"props\":{\"image_position\":\"center-center\",\"position_sticky_breakpoint\":\"m\",\"width_medium\":\"4-5\"},\"children\":[{\"type\":\"grid\",\"props\":{\"content_column_breakpoint\":\"m\",\"filter_align\":\"left\",\"filter_all\":true,\"filter_grid_breakpoint\":\"m\",\"filter_grid_width\":\"auto\",\"filter_position\":\"top\",\"filter_style\":\"tab\",\"grid_default\":\"1\",\"grid_medium\":\"3\",\"icon_width\":80,\"image_align\":\"top\",\"image_grid_breakpoint\":\"m\",\"image_grid_width\":\"1-2\",\"image_svg_color\":\"emphasis\",\"item_animation\":true,\"lightbox_bg_close\":true,\"link_style\":\"default\",\"link_text\":\"Read more\",\"margin\":\"default\",\"meta_align\":\"below-title\",\"meta_element\":\"div\",\"meta_style\":\"text-meta\",\"show_content\":true,\"show_hover_image\":true,\"show_hover_video\":true,\"show_image\":true,\"show_link\":true,\"show_meta\":true,\"show_title\":true,\"show_video\":true,\"title_align\":\"top\",\"title_element\":\"h3\",\"title_grid_breakpoint\":\"m\",\"title_grid_width\":\"1-2\",\"title_hover_style\":\"reset\"},\"children\":[{\"type\":\"grid_item\",\"props\":{\"title\":\"\"}}]}]},{\"type\":\"column\",\"props\":{\"image_position\":\"center-center\",\"position_sticky_breakpoint\":\"m\",\"width_medium\":\"1-5\"}}]},{\"type\":\"row\",\"children\":[{\"type\":\"column\",\"props\":{\"image_position\":\"center-center\",\"position_sticky_breakpoint\":\"m\"}}],\"props\":{\"row_gap\":\"small\",\"width\":\"large\"}}],\"name\":\"Capa\"},{\"type\":\"section\",\"props\":{\"image_position\":\"center-center\",\"padding\":\"small\",\"style\":\"default\",\"title_breakpoint\":\"xl\",\"title_position\":\"top-left\",\"title_rotation\":\"left\",\"vertical_align\":\"\",\"width\":\"large\"},\"children\":[{\"type\":\"row\",\"children\":[{\"type\":\"column\",\"props\":{\"image_position\":\"center-center\",\"position_sticky_breakpoint\":\"m\"},\"children\":[{\"type\":\"divider\",\"props\":{\"divider_element\":\"hr\"}}]}]},{\"type\":\"row\",\"children\":[{\"type\":\"column\",\"props\":{\"image_position\":\"center-center\",\"position_sticky_breakpoint\":\"m\"},\"children\":[{\"type\":\"headline\",\"props\":{\"content\":\"\n\n<h2 style=\\\"text-align: center;\\\"><strong>\\u00a0Galeria de imagens<\\\/strong><\\\/h2>\",\"title_element\":\"h1\"}}]}]},{\"type\":\"row\",\"props\":{\"alignment\":\"center\",\"column_gap\":\"small\",\"layout\":\"1-2,1-2\"},\"children\":[{\"type\":\"column\",\"props\":{\"image_position\":\"center-center\",\"position_sticky_breakpoint\":\"m\",\"width_medium\":\"3-4\"},\"children\":[{\"type\":\"slideshow\",\"props\":{\"link_style\":\"default\",\"link_text\":\"Read more\",\"margin\":\"remove-vertical\",\"meta_align\":\"below-title\",\"meta_element\":\"div\",\"meta_style\":\"text-meta\",\"nav\":\"dotnav\",\"nav_align\":\"center\",\"nav_breakpoint\":\"\",\"nav_position\":\"bottom-right\",\"nav_position_margin\":\"medium\",\"overlay_animation\":\"parallax\",\"overlay_margin\":\"none\",\"overlay_padding\":\"small\",\"overlay_position\":\"bottom\",\"overlay_style\":\"tile-secondary\",\"show_content\":false,\"show_link\":true,\"show_meta\":false,\"show_thumbnail\":false,\"show_title\":true,\"slidenav\":\"default\",\"slidenav_breakpoint\":\"s\",\"slidenav_margin\":\"medium\",\"slidenav_outside_breakpoint\":\"xl\",\"slideshow_autoplay\":true,\"slideshow_autoplay_pause\":true,\"slideshow_height_viewport\":150,\"slideshow_kenburns\":\"alternate\",\"slideshow_min_height\":\"500\",\"text_color\":\"light\",\"thumbnav_height\":\"75\",\"thumbnav_svg_color\":\"emphasis\",\"thumbnav_width\":\"100\",\"title_element\":\"h3\",\"title_hover_style\":\"reset\"},\"children\":[{\"type\":\"slideshow_item\",\"props\":{\"image\":\"wp-content\\\/uploads\\\/eu_espero.jpg\",\"title\":\"Atividade \\u201cEu Espero\\u201d na BE Bidoeira\"}},{\"type\":\"slideshow_item\",\"props\":{\"image\":\"wp-content\\\/uploads\\\/clube_leitura_comemoracao_voz-alta.jpg\",\"title\":\"Clube de Leitura - comemora\\u00e7\\u00e3o do Dia da Leitura em Voz Alta\"}},{\"type\":\"slideshow_item\",\"props\":{\"image\":\"wp-content\\\/uploads\\\/jorge_crespo.jpg\",\"title\":\"Apresenta\\u00e7\\u00e3o do livro do Sr Jorge Crespo na BE Bidoeira\"}},{\"type\":\"slideshow_item\",\"props\":{\"image\":\"wp-content\\\/uploads\\\/gatos.jpg\",\"title\":\"M\\u00eas dos Gatos - Articula\\u00e7\\u00e3o com Educa\\u00e7\\u00e3o Especial\"}},{\"type\":\"slideshow_item\",\"props\":{\"image\":\"wp-content\\\/uploads\\\/atividade_visao.jpg\",\"title\":\"Atividade com a revista \\u201cVis\\u00e3o\\u201d com o 4.ano da EBI Colmeias\"}}]}]},{\"type\":\"column\",\"props\":{\"image_position\":\"center-center\",\"position_sticky_breakpoint\":\"m\",\"width_medium\":\"1-4\"},\"children\":[{\"type\":\"slideshow\",\"props\":{\"height_expand\":true,\"link_style\":\"default\",\"link_text\":\"Read more\",\"margin\":\"default\",\"meta_align\":\"below-title\",\"meta_element\":\"div\",\"meta_style\":\"text-meta\",\"nav\":\"dotnav\",\"nav_align\":\"center\",\"nav_breakpoint\":\"s\",\"nav_position\":\"bottom-center\",\"nav_position_margin\":\"medium\",\"overlay_animation\":\"parallax\",\"overlay_position\":\"center-left\",\"show_content\":true,\"show_link\":true,\"show_meta\":true,\"show_thumbnail\":true,\"show_title\":false,\"slidenav\":\"default\",\"slidenav_breakpoint\":\"s\",\"slidenav_margin\":\"medium\",\"slidenav_outside_breakpoint\":\"xl\",\"slideshow_autoplay_pause\":true,\"slideshow_min_height\":300,\"thumbnav_height\":\"75\",\"thumbnav_svg_color\":\"emphasis\",\"thumbnav_width\":\"100\",\"title_element\":\"h3\",\"title_hover_style\":\"reset\"},\"children\":[{\"type\":\"slideshow_item\",\"props\":{\"image\":\"wp-content\\\/uploads\\\/abelhas.png\",\"title\":\"abelhas\"}}]}]}]}],\"name\":\"Catalogo\"},{\"type\":\"section\",\"props\":{\"image_position\":\"center-center\",\"padding\":\"small\",\"style\":\"default\",\"title_breakpoint\":\"xl\",\"title_position\":\"top-left\",\"title_rotation\":\"left\",\"vertical_align\":\"\",\"width\":\"large\"},\"children\":[{\"type\":\"row\",\"children\":[{\"type\":\"column\",\"props\":{\"image_position\":\"center-center\",\"position_sticky_breakpoint\":\"m\"},\"children\":[{\"type\":\"divider\",\"props\":{\"divider_element\":\"hr\"}}]}]},{\"type\":\"row\",\"children\":[{\"type\":\"column\",\"props\":{\"image_position\":\"center-center\",\"position_sticky_breakpoint\":\"m\"},\"children\":[{\"type\":\"headline\",\"props\":{\"content\":\"\n\n<h2 style=\\\"text-align: center;\\\"><strong>Liga\\u00e7\\u00f5es \\u00fateis<\\\/strong><\\\/h2>\",\"title_element\":\"h1\"}}]}]},{\"type\":\"row\",\"children\":[{\"type\":\"column\",\"props\":{\"image_position\":\"center-center\",\"position_sticky_breakpoint\":\"m\"},\"children\":[{\"type\":\"grid\",\"props\":{\"content_column_breakpoint\":\"m\",\"filter_align\":\"left\",\"filter_all\":true,\"filter_grid_breakpoint\":\"m\",\"filter_grid_width\":\"auto\",\"filter_position\":\"top\",\"filter_style\":\"tab\",\"grid_column_align\":true,\"grid_column_gap\":\"small\",\"grid_default\":\"1\",\"grid_medium\":\"5\",\"grid_row_align\":true,\"icon_width\":80,\"image_align\":\"top\",\"image_grid_breakpoint\":\"m\",\"image_grid_width\":\"1-2\",\"image_svg_color\":\"emphasis\",\"item_animation\":true,\"lightbox_bg_close\":true,\"link_style\":\"default\",\"link_text\":\"Read more\",\"margin\":\"default\",\"meta_align\":\"below-title\",\"meta_element\":\"div\",\"meta_style\":\"text-meta\",\"show_content\":true,\"show_hover_image\":true,\"show_hover_video\":true,\"show_image\":true,\"show_link\":true,\"show_meta\":true,\"show_title\":true,\"show_video\":true,\"title_align\":\"top\",\"title_element\":\"h3\",\"title_grid_breakpoint\":\"m\",\"title_grid_width\":\"1-2\",\"title_hover_style\":\"reset\"},\"children\":[{\"type\":\"grid_item\",\"props\":{\"content\":\"\n\n<p><a href=\\\"https:\\\/\\\/www.pnl2027.gov.pt\\\/np4\\\/home\\\" target=\\\"_blank\\\" rel=\\\"noopener\\\"><img src=\\\"https:\\\/\\\/agcolmeias.com\\\/wp-content\\\/uploads\\\/3_PNL-300x230.png\\\" alt=\\\"\\\" width=\\\"121\\\" height=\\\"93\\\" class=\\\" wp-image-5423 aligncenter\\\" \\\/><\\\/a><\\\/p>\"}},{\"type\":\"grid_item\",\"props\":{\"content\":\"\n\n<p><a href=\\\"https:\\\/\\\/www.rbe.mec.pt\\\/np4\\\/home.html\\\" target=\\\"_blank\\\" rel=\\\"noopener\\\"><img src=\\\"https:\\\/\\\/agcolmeias.com\\\/wp-content\\\/uploads\\\/logo_rbe.svg\\\" alt=\\\"\\\" class=\\\" wp-image-5419 aligncenter\\\" width=\\\"241\\\" height=\\\"57\\\" \\\/><\\\/a><\\\/p>\"}},{\"type\":\"grid_item\",\"props\":{\"content\":\"\n\n<p><img src=\\\"https:\\\/\\\/agcolmeias.com\\\/wp-content\\\/uploads\\\/aler-150x150.png\\\" alt=\\\"\\\" width=\\\"121\\\" height=\\\"121\\\" class=\\\" wp-image-6714 aligncenter\\\" \\\/><\\\/p>\"}},{\"type\":\"grid_item\",\"props\":{\"content\":\"\n\n<p><a href=\\\"https:\\\/\\\/rbleiria.pt\\\/\\\" target=\\\"_blank\\\" rel=\\\"noopener\\\"><img src=\\\"https:\\\/\\\/agcolmeias.com\\\/wp-content\\\/uploads\\\/RBLeiria_final.png\\\" alt=\\\"\\\" width=\\\"163\\\" height=\\\"68\\\" class=\\\"alignnone  wp-image-5421 aligncenter\\\" \\\/><\\\/a><\\\/p>\"}}]}]}]}],\"name\":\"Liga\\u00e7\\u00f5es \\u00fateis\"},{\"type\":\"section\",\"props\":{\"image_position\":\"center-center\",\"padding\":\"small\",\"style\":\"secondary\",\"title_breakpoint\":\"xl\",\"title_position\":\"top-left\",\"title_rotation\":\"left\",\"vertical_align\":\"\",\"width\":\"large\"},\"children\":[{\"type\":\"row\",\"children\":[{\"type\":\"column\",\"props\":{\"image_position\":\"center-center\",\"position_sticky_breakpoint\":\"m\"}}]}],\"name\":\"Fim\"}],\"version\":\"4.5.32\"} --><\/p>\n","protected":false},"excerpt":{"rendered":"<p>Documentos Gerais\u00a0 \u00a0 Equipa\u00a0 \u00a0 Cat\u00e1logo online\u00a0 \u00a0 Atividades\u00a0 \u00a0 Principais projetos\u00a0 \u00a0 Boletins\u00a0 \u00a0 Semana da Leitura \u00a0 \u00a0Literacias\u00a0 \u00a0 Encontros BE \u2013 Leiria &#8220;Quando se entra numa biblioteca, nunca se sai igual. L\u00e1 dentro est\u00e1 o mundo todo.\u00a0Quando se v\u00ea o mundo todo, fica-se sempre diferente. &#8221; (RBE) As nossas bibliotecas Biblioteca da [&hellip;]<\/p>\n","protected":false},"author":1,"featured_media":0,"parent":0,"menu_order":0,"comment_status":"closed","ping_status":"closed","template":"","meta":{"footnotes":""},"class_list":["post-4779","page","type-page","status-publish","hentry"],"_links":{"self":[{"href":"https:\/\/agcolmeias.com\/index.php?rest_route=\/wp\/v2\/pages\/4779","targetHints":{"allow":["GET"]}}],"collection":[{"href":"https:\/\/agcolmeias.com\/index.php?rest_route=\/wp\/v2\/pages"}],"about":[{"href":"https:\/\/agcolmeias.com\/index.php?rest_route=\/wp\/v2\/types\/page"}],"author":[{"embeddable":true,"href":"https:\/\/agcolmeias.com\/index.php?rest_route=\/wp\/v2\/users\/1"}],"replies":[{"embeddable":true,"href":"https:\/\/agcolmeias.com\/index.php?rest_route=%2Fwp%2Fv2%2Fcomments&post=4779"}],"version-history":[{"count":264,"href":"https:\/\/agcolmeias.com\/index.php?rest_route=\/wp\/v2\/pages\/4779\/revisions"}],"predecessor-version":[{"id":7315,"href":"https:\/\/agcolmeias.com\/index.php?rest_route=\/wp\/v2\/pages\/4779\/revisions\/7315"}],"wp:attachment":[{"href":"https:\/\/agcolmeias.com\/index.php?rest_route=%2Fwp%2Fv2%2Fmedia&parent=4779"}],"curies":[{"name":"wp","href":"https:\/\/api.w.org\/{rel}","templated":true}]}}