{"id":6638,"date":"2024-12-23T20:56:44","date_gmt":"2024-12-23T20:56:44","guid":{"rendered":"https:\/\/agcolmeias.com\/?page_id=6638"},"modified":"2025-06-16T13:47:29","modified_gmt":"2025-06-16T13:47:29","slug":"provas","status":"publish","type":"page","link":"https:\/\/agcolmeias.com\/?page_id=6638","title":{"rendered":"Provas"},"content":{"rendered":"<p><img decoding=\"async\" src=\"\/wp-content\/uploads\/info_Geral.png\" alt=\"\"><br \/>\n<img decoding=\"async\" src=\"\/wp-content\/uploads\/Legislacao.png\" alt=\"\"><\/p>\n<div>\n<h3><\/h3>\n<ul>\n<li style=\"list-style-type: none;\">\n<ul>\n<li style=\"text-align: left;\">\n<h4><strong><a href=\"https:\/\/agcolmeias.com\/wp-content\/uploads\/ano_lectivo\/24_25\/Provas\/Despacho_Normativo_n2_A_2025.pdf\" target=\"_blank\" rel=\"noopener\">Despacho Normativo n\u00ba 2A &#8211; 2025<\/a><\/strong><\/h4>\n<\/li>\n<li style=\"text-align: left;\">\n<h4><strong><a href=\"https:\/\/agcolmeias.com\/wp-content\/uploads\/ano_lectivo\/24_25\/Provas\/569.pdf\" target=\"_blank\" rel=\"noopener\">Guia para aplica\u00e7\u00e3o de adapta\u00e7\u00f5es na realiza\u00e7\u00e3o de provas e exames<\/a><\/strong><\/h4>\n<\/li>\n<li style=\"text-align: left;\">\n<h4><a href=\"https:\/\/agcolmeias.com\/wp-content\/uploads\/ano_lectivo\/24_25\/Provas\/IP-Geral-2025_13mar-1.pdf\" target=\"_blank\" rel=\"noopener\">Informa\u00e7\u00f5es &#8211; Prova Geral<\/a><\/h4>\n<\/li>\n<li>\n<h4><a href=\"https:\/\/agcolmeias.com\/wp-content\/uploads\/ano_lectivo\/24_25\/Provas\/Norma2_2025_divulgacao_EEs_Alunos.pdf\" target=\"_blank\" rel=\"noopener\">Norma 2 2025<\/a><\/h4>\n<\/li>\n<\/ul>\n<\/li>\n<\/ul>\n<\/div>\n<p><img decoding=\"async\" src=\"\/wp-content\/uploads\/Moda4o-6o.png\" alt=\"\"><\/p>\n<div>\n<h2 style=\"padding-left: 40px;\"><\/h2>\n<ul>\n<li style=\"list-style-type: none;\">\n<ul>\n<li style=\"text-align: left;\">\n<h4><a href=\"https:\/\/agcolmeias.com\/wp-content\/uploads\/ano_lectivo\/24_25\/Provas\/calendario-provas_CP_semvigil-1.pdf\" target=\"_blank\" rel=\"noopener\">Calend\u00e1rio ModA<\/a><\/h4>\n<\/li>\n<li style=\"text-align: left;\">\n<h4><a href=\"https:\/\/agcolmeias.com\/wp-content\/uploads\/ano_lectivo\/24_25\/Provas\/IR-Geral-20251.pdf\" target=\"_blank\" rel=\"noopener\">Instru\u00e7\u00f5es de realiza\u00e7\u00e3o das provas ModA<\/a><\/h4>\n<\/li>\n<li style=\"text-align: left;\">\n<h4><a href=\"https:\/\/agcolmeias.com\/wp-content\/uploads\/ano_lectivo\/24_25\/Provas\/Guia-Provas-ModA-2025_15-abril.pdf\" target=\"_blank\" rel=\"noopener\">Guia para a realiza\u00e7\u00e3o das provas<\/a><\/h4>\n<\/li>\n<\/ul>\n<\/li>\n<\/ul>\n<\/div>\n<p><img decoding=\"async\" src=\"\/wp-content\/uploads\/Provas_Finais_9o.png\" alt=\"\"><\/p>\n<div>\n<ul>\n<li style=\"list-style-type: none;\">\n<ul>\n<li style=\"text-align: left;\">\n<h4><a href=\"https:\/\/agcolmeias.com\/wp-content\/uploads\/ano_lectivo\/24_25\/Provas\/Calendario_PF_PEF_ciclo_2025.pdf\" target=\"_blank\" rel=\"noopener\">Calend\u00e1rio Provas Finais e PEFs<\/a><\/h4>\n<\/li>\n<li style=\"text-align: left;\">\n<h4><a href=\"https:\/\/agcolmeias.com\/wp-content\/uploads\/ano_lectivo\/24_25\/Provas\/IR-Geral-20251.pdf\"><span><span class=\"Apple-converted-space\">Instru\u00e7\u00f5es de Realiza\u00e7\u00e3o Provas\u00a0<\/span><\/span><\/a><\/h4>\n<\/li>\n<li>\n<h4><a href=\"https:\/\/agcolmeias.com\/wp-content\/uploads\/ano_lectivo\/24_25\/Provas\/Aulas_Apoio_PF_9_2024-2025.pdf\" target=\"_blank\" rel=\"noopener\">Aulas de apoio \u00e0s Provas de 9\u00ba Ano<\/a><\/h4>\n<\/li>\n<li style=\"text-align: left;\">\n<h4>Informa\u00e7\u00f5es Prova:<\/h4>\n<\/li>\n<\/ul>\n<\/li>\n<\/ul>\n<\/div>\n<div>\n<h3>9\u00ba Ano<\/h3>\n<div>\n<p><a href=\"https:\/\/agcolmeias.com\/wp-content\/uploads\/ano_lectivo\/24_25\/Provas\/IP_10_CienciasNaturais_9_2025.pdf\" target=\"_blank\" rel=\"noopener\">Ci\u00eancias Naturais<\/a><\/p>\n<p><a href=\"https:\/\/agcolmeias.com\/wp-content\/uploads\/ano_lectivo\/24_25\/Provas\/IP_11_FisicoQuimica_9_2025.pdf\" target=\"_blank\" rel=\"noopener\">F\u00edsico Qu\u00edmica<\/a><\/p>\n<p><a href=\"https:\/\/agcolmeias.com\/wp-content\/uploads\/ano_lectivo\/24_25\/Provas\/IP_14_EducacaoVisual_9_-2025.pdf\" target=\"_blank\" rel=\"noopener\">Educa\u00e7\u00e3o Visual<\/a><\/p>\n<p><a href=\"https:\/\/agcolmeias.com\/wp-content\/uploads\/ano_lectivo\/24_25\/Provas\/IP_16_Frances_9_2025.pdf\" target=\"_blank\" rel=\"noopener\">Franc\u00eas<\/a><\/p>\n<p><a href=\"https:\/\/agcolmeias.com\/wp-content\/uploads\/ano_lectivo\/24_25\/Provas\/IP_18_GEOGRAFIA_9_2025.pdf\" target=\"_blank\" rel=\"noopener\">Geografia<\/a><\/p>\n<p><a href=\"https:\/\/agcolmeias.com\/wp-content\/uploads\/ano_lectivo\/24_25\/Provas\/IP_82_Matematica_niveldeescola_9_2025.pdf\" target=\"_blank\" rel=\"noopener\"><\/a><\/p>\n<p><a href=\"https:\/\/agcolmeias.com\/wp-content\/uploads\/ano_lectivo\/24_25\/Provas\/IP_19_HISTORIA_9_2025.pdf\" target=\"_blank\" rel=\"noopener\">Hist\u00f3ria<\/a><\/p>\n<p><a href=\"https:\/\/agcolmeias.com\/wp-content\/uploads\/ano_lectivo\/24_25\/Provas\/IP_21_Ingles_9_2025.pdf\" target=\"_blank\" rel=\"noopener\">Ingl\u00eas<\/a><a href=\"https:\/\/agcolmeias.com\/wp-content\/uploads\/ano_lectivo\/24_25\/Provas\/IP_18_GEOGRAFIA_9_2025.pdf\" target=\"_blank\" rel=\"noopener\"><\/a><\/p>\n<p><a href=\"https:\/\/agcolmeias.com\/wp-content\/uploads\/ano_lectivo\/24_25\/Provas\/IP_24_TIC_9_2025.pdf\" target=\"_blank\" rel=\"noopener\">TIC<\/a><\/p>\n<p><a href=\"https:\/\/agcolmeias.com\/wp-content\/uploads\/ano_lectivo\/24_25\/Provas\/IP_26_Educacaofisica_9_-2025.pdf\" target=\"_blank\" rel=\"noopener\">Educa\u00e7\u00e3o F\u00edsica<\/a><\/p>\n<p><a href=\"https:\/\/agcolmeias.com\/wp-content\/uploads\/ano_lectivo\/24_25\/Provas\/IP_81_Portugues_niveldeescola_9_2025.pdf\" target=\"_blank\" rel=\"noopener\">Portugu\u00eas n\u00edvel de Escola<\/a><\/p>\n<p><a href=\"https:\/\/agcolmeias.com\/wp-content\/uploads\/ano_lectivo\/24_25\/Provas\/IP_82_Matematica_niveldeescola_9_2025.pdf\" target=\"_blank\" rel=\"noopener\">Matem\u00e1tica n\u00edvel de Escola<\/a><\/p>\n<p><a href=\"https:\/\/agcolmeias.com\/wp-content\/uploads\/ano_lectivo\/24_25\/Provas\/IP_91_Portugues_9_2025_Oral.pdf\" target=\"_blank\" rel=\"noopener\">Portugu\u00eas Oral<\/a><\/p>\n<p><a href=\"https:\/\/agcolmeias.com\/wp-content\/uploads\/ano_lectivo\/24_25\/Provas\/IP_96_CD_9_2025-1.pdf\" target=\"_blank\" rel=\"noopener\">Cidadania<\/a><\/p>\n<p><a href=\"https:\/\/agcolmeias.com\/wp-content\/uploads\/ano_lectivo\/24_25\/Provas\/IP_97_CEA_9_2025.pdf\" target=\"_blank\" rel=\"noopener\"><span data-olk-copy-source=\"MessageBody\">Express&#8217;arte<\/span><\/a><\/p>\n<\/div>\n<\/div>\n<p><!--more--><br \/>\n<!-- {\"type\":\"layout\",\"children\":[{\"type\":\"section\",\"props\":{\"image_position\":\"center-center\",\"style\":\"default\",\"title_breakpoint\":\"xl\",\"title_position\":\"top-left\",\"title_rotation\":\"left\",\"vertical_align\":\"middle\",\"width\":\"expand\"},\"children\":[{\"type\":\"row\",\"children\":[{\"type\":\"column\",\"props\":{\"image_position\":\"center-center\",\"position_sticky_breakpoint\":\"m\"},\"children\":[{\"type\":\"image\",\"props\":{\"image\":\"wp-content\\\/uploads\\\/info_Geral.png\",\"image_svg_color\":\"emphasis\",\"link_target\":\"blank\",\"margin\":\"default\"}}]}],\"props\":{\"width\":\"xlarge\"}}],\"name\":\"T\\u00edtulo P\\u00e1gina\"},{\"type\":\"section\",\"props\":{\"image_position\":\"center-center\",\"style\":\"default\",\"title_breakpoint\":\"xl\",\"title_position\":\"top-left\",\"title_rotation\":\"left\",\"vertical_align\":\"middle\",\"width\":\"expand\"},\"children\":[{\"type\":\"row\",\"children\":[{\"type\":\"column\",\"props\":{\"image_position\":\"center-center\",\"position_sticky_breakpoint\":\"m\"},\"children\":[{\"type\":\"image\",\"props\":{\"image\":\"wp-content\\\/uploads\\\/Legislacao.png\",\"image_svg_color\":\"emphasis\",\"link_target\":\"blank\",\"margin\":\"default\"}},{\"type\":\"text\",\"props\":{\"column_breakpoint\":\"m\",\"content\":\"\n\n<h3><\\\/h3>\\n\n\n<ul>\\n\n\n<li style=\\\"list-style-type: none;\\\">\\n\n\n<ul>\\n\n\n<li style=\\\"text-align: left;\\\">\\n\n\n<h4><strong><a href=\\\"https:\\\/\\\/agcolmeias.com\\\/wp-content\\\/uploads\\\/ano_lectivo\\\/24_25\\\/Provas\\\/Despacho_Normativo_n2_A_2025.pdf\\\" target=\\\"_blank\\\" rel=\\\"noopener\\\">Despacho Normativo n\\u00ba 2A - 2025<\\\/a><\\\/strong><\\\/h4>\\n<\\\/li>\\n\n\n<li style=\\\"text-align: left;\\\">\\n\n\n<h4><strong><a href=\\\"https:\\\/\\\/agcolmeias.com\\\/wp-content\\\/uploads\\\/ano_lectivo\\\/24_25\\\/Provas\\\/569.pdf\\\" target=\\\"_blank\\\" rel=\\\"noopener\\\">Guia para aplica\\u00e7\\u00e3o de adapta\\u00e7\\u00f5es na realiza\\u00e7\\u00e3o de provas e exames<\\\/a><\\\/strong><\\\/h4>\\n<\\\/li>\\n\n\n<li style=\\\"text-align: left;\\\">\\n\n\n<h4><a href=\\\"https:\\\/\\\/agcolmeias.com\\\/wp-content\\\/uploads\\\/ano_lectivo\\\/24_25\\\/Provas\\\/IP-Geral-2025_13mar-1.pdf\\\" target=\\\"_blank\\\" rel=\\\"noopener\\\">Informa\\u00e7\\u00f5es - Prova Geral<\\\/a><\\\/h4>\\n<\\\/li>\\n\n\n<li>\\n\n\n<h4><a href=\\\"https:\\\/\\\/agcolmeias.com\\\/wp-content\\\/uploads\\\/ano_lectivo\\\/24_25\\\/Provas\\\/Norma2_2025_divulgacao_EEs_Alunos.pdf\\\" target=\\\"_blank\\\" rel=\\\"noopener\\\">Norma 2 2025<\\\/a><\\\/h4>\\n<\\\/li>\\n<\\\/ul>\\n<\\\/li>\\n<\\\/ul>\",\"margin\":\"default\"}}]}],\"props\":{\"width\":\"xlarge\"}}],\"name\":\"Legisla\\u00e7\\u00e3o\"},{\"type\":\"section\",\"props\":{\"image_position\":\"center-center\",\"style\":\"default\",\"title_breakpoint\":\"xl\",\"title_position\":\"top-left\",\"title_rotation\":\"left\",\"vertical_align\":\"middle\",\"width\":\"expand\"},\"children\":[{\"type\":\"row\",\"children\":[{\"type\":\"column\",\"props\":{\"image_position\":\"center-center\",\"position_sticky_breakpoint\":\"m\"},\"children\":[{\"type\":\"image\",\"props\":{\"image\":\"wp-content\\\/uploads\\\/Moda4o-6o.png\",\"image_svg_color\":\"emphasis\",\"link_target\":\"blank\",\"margin\":\"default\"}},{\"type\":\"text\",\"props\":{\"column_breakpoint\":\"m\",\"content\":\"\n\n<h2 style=\\\"padding-left: 40px;\\\"><\\\/h2>\\n\n\n<ul>\\n\n\n<li style=\\\"list-style-type: none;\\\">\\n\n\n<ul>\\n\n\n<li style=\\\"text-align: left;\\\">\\n\n\n<h4><a href=\\\"https:\\\/\\\/agcolmeias.com\\\/wp-content\\\/uploads\\\/ano_lectivo\\\/24_25\\\/Provas\\\/calendario-provas_CP_semvigil-1.pdf\\\" target=\\\"_blank\\\" rel=\\\"noopener\\\">Calend\\u00e1rio ModA<\\\/a><\\\/h4>\\n<\\\/li>\\n\n\n<li style=\\\"text-align: left;\\\">\\n\n\n<h4><a href=\\\"https:\\\/\\\/agcolmeias.com\\\/wp-content\\\/uploads\\\/ano_lectivo\\\/24_25\\\/Provas\\\/IR-Geral-20251.pdf\\\" target=\\\"_blank\\\" rel=\\\"noopener\\\">Instru\\u00e7\\u00f5es de realiza\\u00e7\\u00e3o das provas ModA<\\\/a><\\\/h4>\\n<\\\/li>\\n\n\n<li style=\\\"text-align: left;\\\">\\n\n\n<h4><a href=\\\"https:\\\/\\\/agcolmeias.com\\\/wp-content\\\/uploads\\\/ano_lectivo\\\/24_25\\\/Provas\\\/Guia-Provas-ModA-2025_15-abril.pdf\\\" target=\\\"_blank\\\" rel=\\\"noopener\\\">Guia para a realiza\\u00e7\\u00e3o das provas<\\\/a><\\\/h4>\\n<\\\/li>\\n<\\\/ul>\\n<\\\/li>\\n<\\\/ul>\",\"margin\":\"default\"}}]}],\"props\":{\"width\":\"xlarge\"}}],\"name\":\"ModA - 4\\u00ba \\\/ 6\\u00ba\"},{\"type\":\"section\",\"props\":{\"image_position\":\"center-center\",\"style\":\"default\",\"title_breakpoint\":\"xl\",\"title_position\":\"top-left\",\"title_rotation\":\"left\",\"vertical_align\":\"middle\",\"width\":\"expand\"},\"children\":[{\"type\":\"row\",\"children\":[{\"type\":\"column\",\"props\":{\"image_position\":\"center-center\",\"position_sticky_breakpoint\":\"m\"},\"children\":[{\"type\":\"image\",\"props\":{\"image\":\"wp-content\\\/uploads\\\/Provas_Finais_9o.png\",\"image_svg_color\":\"emphasis\",\"link_target\":\"blank\",\"margin\":\"default\"}},{\"type\":\"text\",\"props\":{\"column_breakpoint\":\"m\",\"content\":\"\n\n<p><\\\/p>\\n\n\n<ul>\\n\n\n<li style=\\\"list-style-type: none;\\\">\\n\n\n<ul>\\n\n\n<li style=\\\"text-align: left;\\\">\\n\n\n<h4><a href=\\\"https:\\\/\\\/agcolmeias.com\\\/wp-content\\\/uploads\\\/ano_lectivo\\\/24_25\\\/Provas\\\/Calendario_PF_PEF_ciclo_2025.pdf\\\" target=\\\"_blank\\\" rel=\\\"noopener\\\">Calend\\u00e1rio Provas Finais e PEFs<\\\/a><\\\/h4>\\n<\\\/li>\\n\n\n<li style=\\\"text-align: left;\\\">\\n\n\n<h4><a href=\\\"https:\\\/\\\/agcolmeias.com\\\/wp-content\\\/uploads\\\/ano_lectivo\\\/24_25\\\/Provas\\\/IR-Geral-20251.pdf\\\"><span><span class=\\\"Apple-converted-space\\\">Instru\\u00e7\\u00f5es de Realiza\\u00e7\\u00e3o Provas\\u00a0<\\\/span><\\\/span><\\\/a><\\\/h4>\\n<\\\/li>\\n\n\n<li>\\n\n\n<h4><a href=\\\"https:\\\/\\\/agcolmeias.com\\\/wp-content\\\/uploads\\\/ano_lectivo\\\/24_25\\\/Provas\\\/Aulas_Apoio_PF_9_2024-2025.pdf\\\" target=\\\"_blank\\\" rel=\\\"noopener\\\">Aulas de apoio \\u00e0s Provas de 9\\u00ba Ano<\\\/a><\\\/h4>\\n<\\\/li>\\n\n\n<li style=\\\"text-align: left;\\\">\\n\n\n<h4>Informa\\u00e7\\u00f5es Prova:<\\\/h4>\\n<\\\/li>\\n<\\\/ul>\\n<\\\/li>\\n<\\\/ul>\",\"margin\":\"default\"}},{\"type\":\"accordion\",\"props\":{\"blend\":false,\"block_align\":\"center\",\"collapsible\":true,\"content_column_breakpoint\":\"m\",\"image_align\":\"top\",\"image_grid_breakpoint\":\"m\",\"image_grid_width\":\"1-2\",\"image_svg_color\":\"emphasis\",\"link_style\":\"default\",\"link_text\":\"Read more\",\"maxwidth\":\"small\",\"show_image\":true,\"show_link\":true,\"text_align\":\"center\"},\"children\":[{\"type\":\"accordion_item\",\"props\":{\"content\":\"\n\n<p><a href=\\\"https:\\\/\\\/agcolmeias.com\\\/wp-content\\\/uploads\\\/ano_lectivo\\\/24_25\\\/Provas\\\/IP_10_CienciasNaturais_9_2025.pdf\\\" target=\\\"_blank\\\" rel=\\\"noopener\\\">Ci\\u00eancias Naturais<\\\/a><\\\/p>\\n\n\n<p><a href=\\\"https:\\\/\\\/agcolmeias.com\\\/wp-content\\\/uploads\\\/ano_lectivo\\\/24_25\\\/Provas\\\/IP_11_FisicoQuimica_9_2025.pdf\\\" target=\\\"_blank\\\" rel=\\\"noopener\\\">F\\u00edsico Qu\\u00edmica<\\\/a><\\\/p>\\n\n\n<p><a href=\\\"https:\\\/\\\/agcolmeias.com\\\/wp-content\\\/uploads\\\/ano_lectivo\\\/24_25\\\/Provas\\\/IP_14_EducacaoVisual_9_-2025.pdf\\\" target=\\\"_blank\\\" rel=\\\"noopener\\\">Educa\\u00e7\\u00e3o Visual<\\\/a><\\\/p>\\n\n\n<p><a href=\\\"https:\\\/\\\/agcolmeias.com\\\/wp-content\\\/uploads\\\/ano_lectivo\\\/24_25\\\/Provas\\\/IP_16_Frances_9_2025.pdf\\\" target=\\\"_blank\\\" rel=\\\"noopener\\\">Franc\\u00eas<\\\/a><\\\/p>\\n\n\n<p><a href=\\\"https:\\\/\\\/agcolmeias.com\\\/wp-content\\\/uploads\\\/ano_lectivo\\\/24_25\\\/Provas\\\/IP_18_GEOGRAFIA_9_2025.pdf\\\" target=\\\"_blank\\\" rel=\\\"noopener\\\">Geografia<\\\/a><\\\/p>\\n\n\n<p><a href=\\\"https:\\\/\\\/agcolmeias.com\\\/wp-content\\\/uploads\\\/ano_lectivo\\\/24_25\\\/Provas\\\/IP_82_Matematica_niveldeescola_9_2025.pdf\\\" target=\\\"_blank\\\" rel=\\\"noopener\\\"><\\\/a><\\\/p>\\n\n\n<p><a href=\\\"https:\\\/\\\/agcolmeias.com\\\/wp-content\\\/uploads\\\/ano_lectivo\\\/24_25\\\/Provas\\\/IP_19_HISTORIA_9_2025.pdf\\\" target=\\\"_blank\\\" rel=\\\"noopener\\\">Hist\\u00f3ria<\\\/a><\\\/p>\\n\n\n<p><a href=\\\"https:\\\/\\\/agcolmeias.com\\\/wp-content\\\/uploads\\\/ano_lectivo\\\/24_25\\\/Provas\\\/IP_21_Ingles_9_2025.pdf\\\" target=\\\"_blank\\\" rel=\\\"noopener\\\">Ingl\\u00eas<\\\/a><a href=\\\"https:\\\/\\\/agcolmeias.com\\\/wp-content\\\/uploads\\\/ano_lectivo\\\/24_25\\\/Provas\\\/IP_18_GEOGRAFIA_9_2025.pdf\\\" target=\\\"_blank\\\" rel=\\\"noopener\\\"><\\\/a><\\\/p>\\n\n\n<p><a href=\\\"https:\\\/\\\/agcolmeias.com\\\/wp-content\\\/uploads\\\/ano_lectivo\\\/24_25\\\/Provas\\\/IP_24_TIC_9_2025.pdf\\\" target=\\\"_blank\\\" rel=\\\"noopener\\\">TIC<\\\/a><\\\/p>\\n\n\n<p><a href=\\\"https:\\\/\\\/agcolmeias.com\\\/wp-content\\\/uploads\\\/ano_lectivo\\\/24_25\\\/Provas\\\/IP_26_Educacaofisica_9_-2025.pdf\\\" target=\\\"_blank\\\" rel=\\\"noopener\\\">Educa\\u00e7\\u00e3o F\\u00edsica<\\\/a><\\\/p>\\n\n\n<p><a href=\\\"https:\\\/\\\/agcolmeias.com\\\/wp-content\\\/uploads\\\/ano_lectivo\\\/24_25\\\/Provas\\\/IP_81_Portugues_niveldeescola_9_2025.pdf\\\" target=\\\"_blank\\\" rel=\\\"noopener\\\">Portugu\\u00eas n\\u00edvel de Escola<\\\/a><\\\/p>\\n\n\n<p><a href=\\\"https:\\\/\\\/agcolmeias.com\\\/wp-content\\\/uploads\\\/ano_lectivo\\\/24_25\\\/Provas\\\/IP_82_Matematica_niveldeescola_9_2025.pdf\\\" target=\\\"_blank\\\" rel=\\\"noopener\\\">Matem\\u00e1tica n\\u00edvel de Escola<\\\/a><\\\/p>\\n\n\n<p><a href=\\\"https:\\\/\\\/agcolmeias.com\\\/wp-content\\\/uploads\\\/ano_lectivo\\\/24_25\\\/Provas\\\/IP_91_Portugues_9_2025_Oral.pdf\\\" target=\\\"_blank\\\" rel=\\\"noopener\\\">Portugu\\u00eas Oral<\\\/a><\\\/p>\\n\n\n<p><a href=\\\"https:\\\/\\\/agcolmeias.com\\\/wp-content\\\/uploads\\\/ano_lectivo\\\/24_25\\\/Provas\\\/IP_96_CD_9_2025-1.pdf\\\" target=\\\"_blank\\\" rel=\\\"noopener\\\">Cidadania<\\\/a><\\\/p>\\n\n\n<p><a href=\\\"https:\\\/\\\/agcolmeias.com\\\/wp-content\\\/uploads\\\/ano_lectivo\\\/24_25\\\/Provas\\\/IP_97_CEA_9_2025.pdf\\\" target=\\\"_blank\\\" rel=\\\"noopener\\\"><span data-olk-copy-source=\\\"MessageBody\\\">Express'arte<\\\/span><\\\/a><\\\/p>\",\"title\":\"9\\u00ba Ano\"}}],\"name\":\"Drop Down Menu\"}]}],\"props\":{\"width\":\"xlarge\"}}],\"name\":\"Provas Finais\"}],\"version\":\"4.5.20\"} --><\/p>\n","protected":false},"excerpt":{"rendered":"<p>Despacho Normativo n\u00ba 2A &#8211; 2025 Guia para aplica\u00e7\u00e3o de adapta\u00e7\u00f5es na realiza\u00e7\u00e3o de provas e exames Informa\u00e7\u00f5es &#8211; Prova Geral Norma 2 2025 Calend\u00e1rio ModA Instru\u00e7\u00f5es de realiza\u00e7\u00e3o das provas ModA Guia para a realiza\u00e7\u00e3o das provas Calend\u00e1rio Provas Finais e PEFs Instru\u00e7\u00f5es de Realiza\u00e7\u00e3o Provas\u00a0 Aulas de apoio \u00e0s Provas de 9\u00ba Ano [&hellip;]<\/p>\n","protected":false},"author":1,"featured_media":0,"parent":0,"menu_order":0,"comment_status":"closed","ping_status":"closed","template":"","meta":{"footnotes":""},"class_list":["post-6638","page","type-page","status-publish","hentry"],"_links":{"self":[{"href":"https:\/\/agcolmeias.com\/index.php?rest_route=\/wp\/v2\/pages\/6638","targetHints":{"allow":["GET"]}}],"collection":[{"href":"https:\/\/agcolmeias.com\/index.php?rest_route=\/wp\/v2\/pages"}],"about":[{"href":"https:\/\/agcolmeias.com\/index.php?rest_route=\/wp\/v2\/types\/page"}],"author":[{"embeddable":true,"href":"https:\/\/agcolmeias.com\/index.php?rest_route=\/wp\/v2\/users\/1"}],"replies":[{"embeddable":true,"href":"https:\/\/agcolmeias.com\/index.php?rest_route=%2Fwp%2Fv2%2Fcomments&post=6638"}],"version-history":[{"count":76,"href":"https:\/\/agcolmeias.com\/index.php?rest_route=\/wp\/v2\/pages\/6638\/revisions"}],"predecessor-version":[{"id":7178,"href":"https:\/\/agcolmeias.com\/index.php?rest_route=\/wp\/v2\/pages\/6638\/revisions\/7178"}],"wp:attachment":[{"href":"https:\/\/agcolmeias.com\/index.php?rest_route=%2Fwp%2Fv2%2Fmedia&parent=6638"}],"curies":[{"name":"wp","href":"https:\/\/api.w.org\/{rel}","templated":true}]}}